2) + (-16)/(-3). Suppose -p*w - 5*t = -110, 4*w - 9 = -t + 70. What is the remainder when 35 is divided by w?
16
Let s(r) = 4*r - 2. What is the remainder when (-133)/(-9) - 2/(-9) is divided by s(2)?
3
Suppose -x + 52 = -85. What is the remainder when x is divided by 70?
67
Suppose 4*m = 4*g - 20, -3*g + 4*g + 4*m = 0. Suppose 2*p = -x + 14, -g*p - 3*x = -6*p - 2. Suppose 0 + p = l. What is the remainder when 9 is divided by l?
4
Suppose 4*h = -56 + 244. Suppose 2*o = -2*o + t + 215, -h = -o - 2*t. Calculate the remainder when o is divided by 11.
9
Let q be 74/(-9) + 2/9. Suppose 4*w + 75 = -w. Let j = q - w. What is the remainder when 18 is divided by j?
4
Let w = 350 + -341. Suppose -4*c = -159 + 27. Calculate the remainder when c is divided by w.
6
Let t(x) = x**3 + 9*x**2 + 8*x + 3. Let p be t(-8). Let w(o) = 9*o - p*o + 8*o + 1. What is the remainder when 43 is divided by w(1)?
13
Suppose 5*f = -40*f + 5985. Calculate the remainder when f is divided by 20.
13
Suppose 4*i - 8*i + 3*w = 64, 0 = -2*w - 8. Let u = i - -25. What is the remainder when 8 is divided by u?
2
Let s(x) = -x + 2. Let l be s(-10). Suppose 0 = -0*n + 3*n + 3*w - 54, -5*w = 4*n - 76. Suppose v - l = n. Calculate the remainder when 75 is divided by v.
23
Let b(a) = a + 2. Let w be b(-2). Suppose -3*m - 7 + 19 = w. Suppose -m*p = -0*p - 104. Calculate the remainder when 77 is divided by p.
25
Let s(k) = 7*k**2 - 14*k + 70. Calculate the remainder when s(4) is divided by 3.
0
Let y(k) = k**2 - 9*k + 11. Let p be y(7). Suppose 0 = -2*v - m - 1, 4*m + 0*m - 5 = v. What is the remainder when 43 is divided by 1*((p - v) + 11)?
7
Suppose 4*x - 8 = 3*x. Let s = -756 - -803. What is the remainder when s is divided by x?
7
Suppose 59*i - 84*i - 122*i + 441 = 0. Suppose -2*x + 6 = -4. Let d = x + -3. What is the remainder when i is divided by d?
1
Suppose -3*p + 154 = -h, 5*p - 233 - 13 = -h. Let o(w) = -8*w + 283. What is the remainder when o(17) is divided by p?
47
Suppose -3*y + 3*f = -7*y - 316, -3*f = 3*y + 234. Suppose -10*u + 6*u - 216 = 0. Let q = u - y. What is the remainder when q is divided by 10?
8
Suppose 4*h = 9 + 11. Suppose -86 = -2*i - 4*m, -h*m - 26 = 3*i - 154. What is the remainder when i is divided by 15?
11
Let k = 78 + -70. Suppose -231 = -k*u - 3*u. Calculate the remainder when 68 is divided by u.
5
Suppose -3*y + 37 = 4. Let s = y + -1. Calculate the remainder when 2*19*s/10 is divided by 10.
8
Let p(j) = j**3 + 11*j**2 + 15*j - 6. Let n = 12 + -7. Suppose 10*o - n*o = 30. What is the remainder when p(-9) is divided by o?
3
Suppose 3*i = -i + 16. Suppose -d + 3 = -i. Suppose 1667*f = 1674*f - 175. Calculate the remainder when f is divided by d.
4
Calculate the remainder when 630*(28/3 + -9) is divided by 13.
2
Suppose -3*b + 5*q = -384, 0 = -b - q - 27 + 163. What is the remainder when b is divided by 27?
25
Suppose -p + 0 = -8. Suppose -7*v + 2*v - 2*d = -p, -4*v = -4*d + 16. Suppose -3*b + 6 = -v. Calculate the remainder when 3 is divided by b.
1
Suppose 6*h - 3*h - 153 = -3*w, 0 = -5*h + 3*w + 271. Let m be ((-4)/6)/(1/(-63)). Let z = 69 - m. What is the remainder when h is divided by z?
26
Let c(s) = 23*s**2 - 1. Let m be c(1). Let x be 286/4 + 1/(-2). Let d = x + m. What is the remainder when d is divided by 24?
21
Suppose -3*x - 84 = -7*x + 4*d, -5*d + 56 = 2*x. What is the remainder when 57 is divided by x?
11
Let f = 1049 + -957. Calculate the remainder when 176 is divided by f.
84
Let g(v) = 3*v**3 - 38*v**2 - 54*v + 9. Suppose 2*q + 20 = 74. Suppose -o = -q + 8. What is the remainder when g(14) is divided by o?
18
Suppose i + 5*x = -3*i + 15, 5*i = 2*x + 60. Calculate the remainder when 17 is divided by i.
7
What is the remainder when ((-3)/(-8)*14)/(30/360) is divided by 22?
19
Suppose -2*o = f - 77, 0 = -0*o - 2*o - 5*f + 73. Calculate the remainder when o is divided by -3 + 7/(-13 + 6) + 25.
18
Suppose 0*c - 764 = -2*c. Suppose 4*b + m - 619 = 0, 0 = -3*b - 5*m + c + 78. Let t = -72 + b. Calculate the remainder when t is divided by 21.
20
Let l = -240 - -268. Calculate the remainder when 133 is divided by l.
21
Suppose -4*g - 3*u + 36 = -19, 15 = 4*g - 5*u. What is the remainder when 59 is divided by (4/g)/((-5)/(-150))?
11
Let k be (1 - (-2)/1)*1. Let d(n) = -n - 2. Let u be d(-3). Calculate the remainder when k*32 + 2 + u is divided by 25.
24
Let g(x) = -96*x - 39. Let s(w) = 5*w + 2. Let l be ((-2)/(-3))/(4/36). Let m(a) = l*g(a) + 117*s(a). What is the remainder when 52 is divided by m(2)?
16
Calculate the remainder when (((-378)/56)/3)/((-3)/352) is divided by 67.
63
Let v be 4 - (-3 - -4) - 65. Suppose 4*k = 3*s - 153, -5*k - 189 = -4*s + s. Let g = k - v. What is the remainder when 76 is divided by g?
24
Suppose -167 = -11*q + 20. Calculate the remainder when 322 is divided by q.
16
Let f(k) = -k**3 + 30*k**2 - 49*k - 98. What is the remainder when 378 is divided by f(28)?
84
Let m = 328 - 268. Calculate the remainder when m is divided by 33.
27
Let a(x) = x**2 - 7*x + 9. Suppose 4*w - 33 + 5 = 0. What is the remainder when 16 is divided by a(w)?
7
Let o be ((-12)/(-90) - (-444)/45)*2. Suppose -3*s + o = -25. Calculate the remainder when 73 is divided by s.
13
Let n = 3635 + -3611. Let u(b) = 4*b**2 - 5*b + 5. What is the remainder when u(6) is divided by n?
23
Suppose -2*v = -1624 - 126. Calculate the remainder when 9/(-12) - v/(-20) is divided by 16.
11
Suppose -l = -3*l + 74. Suppose 2*a = l + 169. Let n(f) = -11*f + 4. What is the remainder when a is divided by n(-2)?
25
Let z(c) = 2*c**3 + 15*c**2 + 7*c - 12. Let n be z(-7). What is the remainder when 3/9 + ((-212)/n - 1) is divided by 4?
1
Suppose -2*i + 12 = -2*y, -6 = i - y + 4*y. Suppose i*t - 8 = 22. What is the remainder when (-3520)/(-198) - (-4)/18 is divided by t?
8
Let t = -524 + 565. Calculate the remainder when 162 is divided by t.
39
Let c(s) = s**3 + 10*s**2 + 13*s + 18. Let n(m) = 30*m - 26. What is the remainder when n(5) is divided by c(-8)?
40
Suppose -9 = 6*j - 9*j. Suppose j*c - 13 = 2*c. Calculate the remainder when 50 is divided by c.
11
Let z(f) = f**2 - 7*f + 3. Let t be z(5). What is the remainder when 13 is divided by (-4)/(-4) - (t + 0 + 0)?
5
Suppose 0 = o + q - 0 - 1, 4*o + 14 = 2*q. Let v = o + 7. Suppose -v*z - 6 = -16. Calculate the remainder when 6 is divided by z.
0
Let s = -1233 + 1631. Calculate the remainder when s is divided by 100.
98
Suppose 0 = -4*h + 4*w + 8, -2*h - 14 = -7*h + 4*w. Suppose -18 = -4*x - 2*f + h, 5*x = f + 30. Calculate the remainder when 93 is divided by (-40)/x*72/(-20).
21
Let v(u) = -70*u + u**2 + 66*u + 1 + 4. Let s be v(3). Suppose l - 2*h = 38, -l - 172 = -5*l - s*h. Calculate the remainder when l is divided by 15.
12
Let s(w) = -w**3 - 9*w**2 - 7*w + 12. Let m be s(-8). Suppose 0 = -4*o - f + 57, o - m*f + 4 = 14. What is the remainder when 83 is divided by o?
13
Let i(h) = 15*h + 2. Let d(a) = 7*a**3 - 2*a**2 - a + 2. Let v be d(1). Calculate the remainder when i(v) is divided by 19.
16
Let s = 90 + -82. Calculate the remainder when 43 is divided by s.
3
Suppose 30 = 2*a - 4. What is the remainder when 21 is divided by a?
4
Suppose 4*k - 3*k = 5*r - 14, 3*r - 14 = 2*k. Let f(i) = -i**2 - r*i + 6*i**2 + i**2 - i**3. What is the remainder when 27 is divided by f(5)?
12
Suppose -3*z - 2*g + 35 = 0, -3*z = z + 3*g - 47. Let v = 247 - 217. Calculate the remainder when v is divided by z.
8
Suppose -5*r = b - 1, -b + 15 = -3*r - 2. Suppose -84*m + 3120 = 20*m. Calculate the remainder when m is divided by b.
8
Let f(m) = m**3 + 8*m**2 + 10*m - 5. Suppose 3*u - 2*t = 17, 0*t + 16 = 2*u + t. Calculate the remainder when f(-4) is divided by u.
5
Let b = 79 - 35. Let y = -33 + b. Calculate the remainder when 22 is divided by y.
0
Suppose u = -8*u + 297. What is the remainder when u is divided by (-6)/(-8) + 165/20?
6
Suppose -m + 5*m - 20 = 0. Suppose 0 = 2*g - 5*g - t + 127, 2*g = -3*t + 73. What is the remainder when 740/g - 2/(-11) is divided by m?
2
Let k = -435 - -451. Calculate the remainder when k is divided by 10.
6
What is the remainder when (-8)/(-1) - (22 - 223) is divided by 43?
37
Let s(h) = -h**3 - 14*h**2 - 28*h - 34. Calculate the remainder when 139 is divided by s(-12).
13
Suppose 0 = 4*o + 209 + 287. Let 